t c(g) = 21*g**2 + 4*g + 2. Give c(-2).
78
Let m(k) = -2*k + 11. Give m(13).
-15
Let b(i) = -2*i - 20. Give b(-6).
-8
Let y(u) = 11*u + 27. Give y(10).
137
Let p(h) = 33*h + 137. Determine p(-4).
5
Let n(u) = u**3 + 8*u**2 - 10*u + 6. Determine n(-10).
-94
Let t(s) = -s - 38. Calculate t(-34).
-4
Let z(a) = -3*a**2 + 49*a - 8. Determine z(16).
8
Let o(q) = q**3 + 13*q**2 + 20*q - 22. Give o(-11).
0
Let z(y) = 5*y**2 + 20*y + 3. Determine z(-4).
3
Let l(s) = s**2 - 3*s + 18. Give l(13).
148
Let y(g) = 5*g - 41. Give y(9).
4
Let g(t) = -t**2 + 7*t - 2. Give g(5).
8
Let v(n) = -2*n**2 + 14*n - 26. Determine v(5).
-6
Let d(b) = -b**3 - b**2 - b - 8. Give d(0).
-8
Let g(a) = a + 6. Determine g(-5).
1
Let c(v) = -v - 4. Calculate c(0).
-4
Let v(u) = -u**3 + 8*u**2 - 2. Determine v(8).
-2
Let a(d) = d + 20. Determine a(-23).
-3
Let c(x) = -15*x + 2. Determine c(-3).
47
Let t(k) = 3*k + 32. What is t(-16)?
-16
Let y(d) = d**3 - 5*d**2 - 6*d + 8. Determine y(6).
8
Let x(r) = -4*r + 10. Give x(3).
-2
Let x(d) = 23*d - 37. Calculate x(2).
9
Let l(t) = t**2 + 39*t + 313. What is l(-28)?
5
Let j(z) = 8*z - 1. Give j(3).
23
Let a(m) = 4*m + 77. Give a(-18).
5
Let y(v) = 25*v - 652. Calculate y(26).
-2
Let o(r) = 6*r - 17. What is o(-5)?
-47
Let k(s) = -3*s**2 - 44*s - 24. What is k(-14)?
4
Let h(j) = -2*j - 21. Determine h(-9).
-3
Let t(c) = -c**3 + c. What is t(2)?
-6
Let y(s) = s - 2. Calculate y(-5).
-7
Let j(x) = -x**2 + 10*x + 21. Calculate j(12).
-3
Let c(y) = -y - 8. Give c(-4).
-4
Let z(j) = -15*j - 37. What is z(-3)?
8
Let z(d) = 3*d - 1. Calculate z(3).
8
Let o(t) = -2*t**3 + 4*t**2 + 2*t - 1. Calculate o(-2).
27
Let y(b) = -3*b**2 + 31*b + 23. Determine y(10).
33
Let s(w) = -23*w - 153. Calculate s(-7).
8
Let k(h) = -10*h + 258. Give k(25).
8
Let d(t) = -3*t + 2. Give d(-2).
8
Let d(f) = -4*f + 2. What is d(-3)?
14
Let z(v) = v**3 - 12*v**2 + 22*v - 11. Give z(9).
-56
Let p(b) = 6*b**2 - 143*b - 29. Determine p(24).
-5
Let f(j) = -2*j**3 - j**2 + 1. Calculate f(1).
-2
Let i(u) = u**2 + 4*u + 6. Calculate i(-8).
38
Let w(j) = -j**2 - 88*j + 363. What is w(4)?
-5
Let b(h) = 25*h + 1. Calculate b(0).
1
Let j(d) = -4*d**2 - d. What is j(1)?
-5
Let b(k) = k**2 + 12*k + 28. Determine b(-9).
1
Let j(c) = c**3 + 7*c**2 - 5*c + 7. Give j(-6).
73
Let o(v) = -v + 16. Calculate o(12).
4
Let h(p) = p**2 - 13*p - 57. What is h(15)?
-27
Let v(m) = -2*m + 5. Calculate v(3).
-1
Let n(z) = -2*z**3 - 12*z**2 - 2*z - 1. Give n(-6).
11
Let z(k) = -k**3 - 12*k**2 + 14*k + 14. What is z(-13)?
1
Let y(u) = -2*u + 10. Give y(-8).
26
Let c(y) = -y**2 + 10*y + 2. Give c(9).
11
Let i(a) = 51*a - 45. What is i(1)?
6
Let q(l) = -2*l - 20. Give q(-9).
-2
Let g(b) = b**2 + 6*b + 7. Determine g(-7).
14
Let n(o) = o**2 + 39*o + 337. What is n(-26)?
-1
Let n(w) = -9*w - 52. Give n(-6).
2
Let q(g) = -g**2 + 7*g + 5. What is q(7)?
5
Let b(s) = -s + 14. Give b(12).
2
Let g(p) = 3*p + 19. What is g(0)?
19
Let f(r) = -r**3 + 7*r**2 + 10*r - 6. Determine f(8).
10
Let l(b) = b - 4. What is l(-5)?
-9
Let d(q) = -q**2 - 16*q - 89. Calculate d(-7).
-26
Let l(z) = -3*z**2 + 5*z - 5. Determine l(1).
-3
Let z(s) = 9*s + 4. Determine z(-8).
-68
Let i(a) = -3*a**2 - 9*a + 9. Determine i(-4).
-3
Let b(f) = -f**2 + 9*f + 27. Give b(11).
5
Let h(o) = -o**3 + 6*o**2 + 5*o - 11. Determine h(6).
19
Let r(p) = -5*p - 78. Calculate r(-17).
7
Let v(t) = -2*t**2 + 28*t - 4. What is v(14)?
-4
Let r(q) = -q**2 + 12*q + 11. Give r(10).
31
Let w(a) = -2*a**2 + a + 11. Calculate w(4).
-17
Let b(q) = 9*q - 5. Calculate b(15).
130
Let i(u) = u - 3. What is i(-6)?
-9
Let b(t) = 2*t**3 + 21*t**2 - 13*t - 22. Calculate b(-11).
0
Let w(z) = -8*z + 215. What is w(28)?
-9
Let m(c) = c**3 + 2*c**2 - 9*c + 1. What is m(-4)?
5
Let w(u) = u**2 - 2*u + 4. Determine w(4).
12
Let k(g) = 9*g**2. Give k(-1).
9
Let z(b) = 2*b**3 - 11*b**2 - 5*b - 19. Determine z(7).
93
Let m(f) = f**2 + 14*f - 51. Calculate m(3).
0
Let c(u) = -u**3 - 9*u**2 + 160*u - 34. Determine c(-18).
2
Let w(l) = -l**3 - 6*l**2 + 12*l + 10. Give w(-8).
42
Let k(x) = -4*x + 127. Determine k(29).
11
Let i(s) = -s + 7. Give i(-6).
13
Let w(p) = -p**2 - 2*p - 6. What is w(0)?
-6
Let y(o) = 3*o**3 + 5*o**2 - 6*o - 3. Give y(-3).
-21
Let t(l) = -34*l + 10. What is t(-2)?
78
Let f(u) = u - 9. Determine f(7).
-2
Let y(w) = -3*w - 6. Give y(6).
-24
Let z(l) = l - 7. Calculate z(-2).
-9
Let k(z) = -z**2 + 19*z - 39. What is k(4)?
21
Let j(y) = y**3 - 4*y**2 - 6*y - 7. Calculate j(5).
-12
Let a(m) = m**3 - 3*m**2 + 5*m - 5. Calculate a(2).
1
Let k(q) = -q**2 + 3*q + 11. Calculate k(6).
-7
Let f(u) = u**3 - 6*u**2 + u + 5. Calculate f(5).
-15
Let x(s) = 154*s - 306. Calculate x(2).
2
Let l(h) = h**2 + 2*h - 7. Give l(-5).
8
Let w(y) = -5*y - 113. What is w(-14)?
-43
Let f(z) = z**3 - 6*z**2 + 3*z - 6. Determine f(6).
12
Let t(b) = -b**3 - b**2 + 2*b - 2. Determine t(3).
-32
Let l(m) = 5*m + 3. Determine l(-2).
-7
Let u(l) = -3*l - 8. Give u(-8).
16
Let o(u) = 7*u**2 + 22*u - 2. Give o(-2).
-18
Let x(n) = -2*n**2 - 9*n - 12. Calculate x(-2).
-2
Let c(u) = -6*u - 5. Determine c(-3).
13
Let u(h) = h**2 - 14*h + 36. Calculate u(10).
-4
Let b(u) = -2*u**3 + 7*u**2 - 5*u + 3. Determine b(4).
-33
Let w(t) = -4*t**3 - 27*t**2 + 2*t - 13. Calculate w(-6).
-133
Let t(j) = -j**3 + 9*j**2 - 20*j + 14. Give t(6).
2
Let g(p) = -p**3 + 6*p**2 + 4*p + 7. Calculate g(7).
-14
Let g(u) = -2*u**3 - 10*u**2 - u + 11. Give g(-4).
-17
Let k(w) = -w**3 + 10*w**2 - 19*w - 18. Give k(7).
-4
Let x(y) = 11*y**2 + 144*y + 8. Give x(-13).
-5
Let l(y) = -y**3 + 5*y + 4. Calculate l(-2).
2
Let a(l) = l**3 - 3*l**2 - 5*l - 8. What is a(4)?
-12
Let f(o) = -o**2 - 1. Determine f(-3).
-10
Let s(k) = k**3 + 9*k**2 - 11*k - 6. Calculate s(-10).
4
Let f(c) = -16*c + 188. Give f(11).
12
Let g(p) = -p + 1. What is g(-11)?
12
Let b(q) = 4*q**2 - 5. Calculate b(-4).
59
Let z(c) = c**2 - 7*c + 9. Give z(7).
9
Let h(y) = y**3 + 3*y**2 + 5*y + 3. Determine h(-3).
-12
Let g(p) = -6*p**2 + 7*p - 8. What is g(1)?
-7
Let a(o) = -2*o**3 + o**2 + 9*o - 2. What is a(-4)?
106
Let l(y) = 2*y - 16. What is l(-17)?
-50
Let u(z) = -4*z + 1. What is u(3)?
-11
Let a(d) = -3*d**3 + 2*d**2 + 3*d + 2. What is a(3)?
-52
Let g(y) = 7*y**2 - 5*y + 7. What is g(3)?
55
Let j(o) = o**2 + 4*o - 2. What is j(0)?
-2
Let j(t) = 2*t - 59. Determine j(6).
-47
Let j(w) = 2*w**2 + 11*w + 21. Calculate j(-3).
6
Let q(m) = m**3 - 9*m**2 + 16*m - 16. Determine q(7).
-2
Let c(n) = -n + 20. Calculate c(17).
3
Let v(p) = -p + 7. What is v(5)?
2
Let g(z) = -z**2 + 32*z - 227. What is g(11)?
4
Let h(i) = -i**2 + 17*i - 17. Calculate h(15).
13
Let b(q) = -2*q**2 - 11*q + 12. Determine b(-7).
-9
Let w(x) = x**3 - 7*x**2 - 6*x + 12. What is w(8)?
28
Let i(d) = -5*d - 6. Calculate i(-3).
9
Let i(t) = t**3 + 13*t**2 + 11*t - 1. What is i(-12)?
11
Let r(u) = u**3 - 10*u**2 + 8*u + 8. What is r(9)?
-1
Let f(p) = p**2 - 3*p - 70. What is f(-7)?
0
Let p(z) = -z + 12. Give p(5).
7
Let z(j) = -j**2 - 9*j - 9. What is z(-9)?
-9
Let t(h) = -80*h - 797. Calculate t(-10).
3
Let a(h) = 2*h**2 + 11*h - 2. What is a(0)?
-2
Let x(j) = j**2 - 8*j + 9. Determine x(4).
-7
Let z(b) = b - 19. What is z(-6)?
-25
Let z(y) = -2*y + 30. What is z(9)?
12
Let r(l) = l**2 + 14*l + 20. Determine r(-12).
-4
Let a(z) = 36*z**3 + z + 1. Determine a(-1).
-36
Let t(w) = -w**2 + 11*w + 6. Calculate t(10).
16
Let d(n) = 3*n**2 - 4*n. Determine d(4).
32
Let b(f) = 2*f + 34. Give b(-15).
4
Let u(n) = -n**2 + 3*n - 1. Determine u(0).
-1
Let i(b) = 11*b + 36. Calculate i(9).
135
Let h(b) = -b**3 - 2*b**2 - 2*b + 4. Calculate h(2).
-16
Let p(h) = h**2 + 4*h + 14. Determine p(0).
14
Let o(n) = -n**3 + 2*n**2 + 3*n - 3. What is o(2)?
3
Let v(m) = -m**3 - 10*m**2 + 15*m - 4. Calculate v(-11).
-48
Let p(x) = -x**2 + 24*x + 129. Give p(28).
17
Let f(a) = -a**3 - 18*a**2 - 51*a - 1. Give f(-15).
89
Let u(s) = 19*s - 5. Give u(-1).
-24
Let h(v) = v**3 - 11*v**2 + 2*v + 25. What is h(11)?
47
Let c(n) = -n - 4. Calculate c(3).
-7
Let p(n) = -n. Determine p(4).
-4
Let h(k) = k**2 + 15*k + 2. Give h(-9).
-52
Let b(z) = -4*z**2. What is b(1)?
-4
Let p(l) = -2*l + 44. Determine p(24).
-4
Let v(f) = -9*f + 28. Give v(6).
-26
Let s(b) = -9*b + 4. Determine s(2).
-14
Let h(r) = 2*r**2 - 12*r + 4. Determin